3279?
3, 1093
List the prime factors of 1186.
2, 593
List the prime factors of 8589.
3, 7, 409
List the prime factors of 3574.
2, 1787
What are the prime factors of 4739?
7, 677
What are the prime factors of 17143?
7, 31, 79
What are the prime factors of 2361?
3, 787
What are the prime factors of 1180?
2, 5, 59
List the prime factors of 26476.
2, 6619
What are the prime factors of 2050?
2, 5, 41
What are the prime factors of 136773?
3, 7, 13, 167
List the prime factors of 60692.
2, 15173
List the prime factors of 7775.
5, 311
List the prime factors of 596.
2, 149
List the prime factors of 5268.
2, 3, 439
What are the prime factors of 956?
2, 239
List the prime factors of 43762.
2, 21881
What are the prime factors of 694?
2, 347
What are the prime factors of 111326?
2, 55663
List the prime factors of 807.
3, 269
What are the prime factors of 925?
5, 37
What are the prime factors of 1307?
1307
List the prime factors of 1505.
5, 7, 43
List the prime factors of 3121.
3121
What are the prime factors of 148619?
331, 449
List the prime factors of 3667.
19, 193
What are the prime factors of 74431?
7, 31
What are the prime factors of 1162?
2, 7, 83
List the prime factors of 1150.
2, 5, 23
What are the prime factors of 4461?
3, 1487
What are the prime factors of 61287?
3, 31, 659
What are the prime factors of 524?
2, 131
List the prime factors of 116580.
2, 3, 5, 29, 67
List the prime factors of 49586.
2, 24793
List the prime factors of 18919.
18919
What are the prime factors of 27178?
2, 107, 127
What are the prime factors of 80065?
5, 67, 239
What are the prime factors of 116633?
11, 23, 461
What are the prime factors of 12753?
3, 13, 109
List the prime factors of 1575.
3, 5, 7
List the prime factors of 294.
2, 3, 7
List the prime factors of 537.
3, 179
List the prime factors of 2725.
5, 109
List the prime factors of 916.
2, 229
What are the prime factors of 143618?
2, 71809
List the prime factors of 40751.
40751
List the prime factors of 1479.
3, 17, 29
What are the prime factors of 2166?
2, 3, 19
List the prime factors of 2709.
3, 7, 43
What are the prime factors of 11551?
11551
List the prime factors of 3786.
2, 3, 631
List the prime factors of 32.
2
List the prime factors of 22391.
22391
List the prime factors of 10876.
2, 2719
What are the prime factors of 49800?
2, 3, 5, 83
List the prime factors of 21164.
2, 11, 13, 37
What are the prime factors of 1410?
2, 3, 5, 47
List the prime factors of 254.
2, 127
What are the prime factors of 5866?
2, 7, 419
List the prime factors of 39631.
39631
List the prime factors of 930.
2, 3, 5, 31
List the prime factors of 910.
2, 5, 7, 13
What are the prime factors of 21029?
17, 1237
List the prime factors of 362.
2, 181
List the prime factors of 30221.
47, 643
What are the prime factors of 12964?
2, 7, 463
What are the prime factors of 4196?
2, 1049
List the prime factors of 44497.
44497
List the prime factors of 52.
2, 13
What are the prime factors of 110497?
47, 2351
What are the prime factors of 11985?
3, 5, 17, 47
What are the prime factors of 1902?
2, 3, 317
List the prime factors of 6445.
5, 1289
What are the prime factors of 908?
2, 227
What are the prime factors of 5202?
2, 3, 17
What are the prime factors of 12353?
11, 1123
List the prime factors of 1468.
2, 367
List the prime factors of 186.
2, 3, 31
List the prime factors of 223.
223
List the prime factors of 4495.
5, 29, 31
List the prime factors of 72816.
2, 3, 37, 41
What are the prime factors of 7311?
3, 2437
What are the prime factors of 7560?
2, 3, 5, 7
List the prime factors of 10919.
61, 179
What are the prime factors of 4417?
7, 631
List the prime factors of 4154.
2, 31, 67
List the prime factors of 908.
2, 227
List the prime factors of 119657.
119657
List the prime factors of 2418.
2, 3, 13, 31
What are the prime factors of 13372?
2, 3343
List the prime factors of 28306.
2, 14153
What are the prime factors of 1106?
2, 7, 79
What are the prime factors of 10066?
2, 7, 719
List the prime factors of 1499.
1499
List the prime factors of 916.
2, 229
What are the prime factors of 632?
2, 79
What are the prime factors of 7342?
2, 3671
List the prime factors of 7187.
7187
What are the prime factors of 905?
5, 181
What are the prime factors of 5687?
11, 47
What are the prime factors of 4549?
4549
List the prime factors of 843.
3, 281
List the prime factors of 2687.
2687
List the prime factors of 717.
3, 239
List the prime factors of 1935.
3, 5, 43
What are the prime factors of 3798?
2, 3, 211
What are the prime factors of 3133?
13, 241
What are the prime factors of 808?
2, 101
What are the prime factors of 17738?
2, 7, 181
What are the prime factors of 27681?
3, 9227
What are the prime factors of 93567?
3, 31189
What are the prime factors of 27692?
2, 7, 23, 43
List the prime factors of 5261.
5261
What are the prime factors of 75550?
2, 5, 1511
What are the prime factors of 20511?
3, 43, 53
What are the prime factors of 277?
277
List the prime factors of 95987.
95987
What are the prime factors of 769?
769
List the prime factors of 77251.
67, 1153
List the prime factors of 9455.
5, 31, 61
What are the prime factors of 9063?
3, 19, 53
List the prime factors of 131.
131
List the prime factors of 533.
13, 41
List the prime factors of 4094.
2, 23, 89
List the prime factors of 7472.
2, 467
List the prime factors of 347.
347
List the prime factors of 111327.
3, 43, 863
List the prime factors of 1604.
2, 401
List the prime factors of 1266.
2, 3, 211
List the prime factors of 83180.
2, 5, 4159
List the prime factors of 37922.
2, 67, 283
What are the prime factors of 2410?
2, 5, 241
What are the prime factors of 23975?
5, 7, 137
What are the prime factors of 814?
2, 11, 37
What are the prime factors of 580?
2, 5, 29
What are the prime factors of 2070?
2, 3, 5, 23
List the prime factors of 133887.
3, 13, 3433
List the prime factors of 4344.
2, 3, 181
What are the prime factors of 1409?
1409
List the prime factors of 8957.
13, 53
List the prime factors of 4787.
4787
List the prime factors of 1104.
2, 3, 23
List the prime factors of 6882.
2, 3, 31, 37
What are the prime factors of 2?
2
What are the prime factors of 341?
11, 31
What are the prime factors of 2265?
3, 5, 151
List the prime factors of 1908.
2, 3, 53
List the prime factors of 337.
337
What are the prime factors of 656?
2, 41
What are the prime factors of 34891?
23, 37, 41
What are the prime factors of 1924?
2, 13, 37
What are the prime factors of 5275?
5, 211
What are the prime factors of 58342?
2, 31, 941
List the prime factors of 54887.
7, 7841
What are the prime factors of 9441?
3, 1049
What are the prime factors of 3907?
3907
List the prime factors of 167.
167
What are the prime factors of 1178?
2, 19, 31
What are the prime factors of 7142?
2, 3571
List the prime factors of 69015.
3, 5, 43, 107
What are the prime factors of 67769?
13, 401
What are the prime factors of 105422?
2, 52711
List the prime factors of 23005.
5, 43, 107
What are the prime factors of 4578?
2, 3, 7, 109
What are the prime factors of 8821?
8821
What are the prime factors of 39612?
2, 3, 3301
What are the prime factors of 20719?
20719
What are the prime factors of 9034?
2, 4517
List the prime factors of 6084.
2, 3, 13
List the prime factors of 9920.
2, 5, 31
List the prime factors of 21891.
3, 7297
List the prime factors of 18635.
5, 3727
List the prime factors of 1252.
2, 313
List the prime factors of 1411.
17, 83
List the prime factors of 722.
2, 19
List the prime factors of 103579.
7, 14797
List the prime factors of 6637.
6637
What are the prime factors of 86707?
31, 2797
What are the prime factors of 1825?
5, 73
What are the prime factors of 2119?
13, 163
List the prime factors of 4166.
2, 2083
What are the prime factors of 7023?
3, 2341
List the prime factors of 50808.
2, 3, 29, 73
What are the prime factors of 23434?
2, 11717
What are the prime factors of 6404?
2, 1601
What are the prime factors of 745?
5, 149
List the prime factors of 54.
2, 3
What are the prime factors of 73608?
2, 3, 3067
What are the prime factors of 4491?
3, 499
What are the prime factors of 4350?
2, 3, 5, 29
List the prime factors of 2456.
2, 307
What are the prime factors of 1184?
2, 37
What are the prime factors of 160704?
2, 3, 31
List the 